 = c + 1. Give r(9).
10
Let g(f) = -2*f**2 - 3*f - 1. Calculate g(-2).
-3
Let t(m) = 3*m**2 + 7*m. Give t(-2).
-2
Let k(g) = 3*g**2 - 7*g - 6. Calculate k(-1).
4
Let b(q) = q**2 + 6*q - 14. Give b(-10).
26
Let g(p) = -30*p + 773. Calculate g(26).
-7
Let w(k) = -3*k + 4. What is w(1)?
1
Let l(m) = -12*m + 1. Determine l(1).
-11
Let d(m) = -55*m**2 + 1. Determine d(1).
-54
Let i(v) = -v**3 - 11*v**2 - 8*v - 2. Calculate i(-10).
-22
Let q(z) = -z**3 + 13*z**2 - 21*z - 2. Give q(11).
9
Let s(q) = -q**2 - q + 10. Calculate s(-3).
4
Let t(g) = -g**3 + g - 16. Give t(0).
-16
Let w(a) = -7*a + 104. Determine w(15).
-1
Let a(n) = 2*n**2 - 78*n + 646. What is a(27)?
-2
Let d(p) = -p**3 + 4*p**2 - p. Give d(3).
6
Let s(h) = -h**3 - 10*h**2 - 4*h - 21. Calculate s(-9).
-66
Let d(j) = -j + 43. Give d(0).
43
Let l(b) = 3*b - 47. What is l(15)?
-2
Let p(m) = 5*m + 14. What is p(-7)?
-21
Let h(w) = 2*w**3 + 29*w**2 - 18*w - 43. Calculate h(-15).
2
Let b(j) = j**3 - 21*j**2 - 23*j + 17. Give b(22).
-5
Let w(y) = -5*y + 13. Determine w(4).
-7
Let j(w) = -w. Give j(-10).
10
Let w(q) = -q**3 + 19*q**2 - 34*q - 3. Give w(17).
-3
Let l(t) = 13*t - 3. What is l(3)?
36
Let g(a) = a**3 - 11*a**2 + 26*a + 21. What is g(6)?
-3
Let h(c) = -c**3 - 7*c**2 + 9*c - 80. What is h(-9)?
1
Let n(a) = -5*a - 7. Give n(-6).
23
Let h(f) = -14*f + 1. Determine h(-4).
57
Let g(t) = 7*t**3 + 2*t**2 + 2*t - 3. Determine g(1).
8
Let z(x) = -x**2 + 19*x - 4. Calculate z(16).
44
Let h(t) = -8*t**2 - 9*t - 2. Give h(3).
-101
Let f(w) = -w - 3. Calculate f(-10).
7
Let a(s) = -s**2 - 10*s - 7. Give a(-10).
-7
Let d(h) = h**3 + 5*h**2 - h - 4. What is d(-4)?
16
Let d(v) = 24*v - 284. What is d(12)?
4
Let y(j) = 4*j**3 - j**2 - 2*j + 4. Give y(1).
5
Let t(d) = -9*d - 23. What is t(-3)?
4
Let g(j) = -10*j + 16. Calculate g(-5).
66
Let j(u) = -u**2 + 6*u + 21. What is j(9)?
-6
Let l(c) = -c**3 - c**2 - c - 101. What is l(0)?
-101
Let m(t) = t**2 + 12*t + 5. Calculate m(-11).
-6
Let q(o) = -o**2 + 10*o - 6. Calculate q(7).
15
Let z(b) = b**3 - 2*b**2 - 3*b + 1. Calculate z(3).
1
Let s(v) = -v**2 - 9*v - 17. Calculate s(-8).
-9
Let n(i) = -i**2 - 11*i - 17. Determine n(-9).
1
Let z(c) = -c**3 - 4*c**2 + 8*c + 4. Give z(-5).
-11
Let m(x) = -x**3 + 12*x**2 - 10. Determine m(12).
-10
Let u(m) = 60*m**2 - 1. Give u(1).
59
Let k(h) = -h**2 + 10*h + 9. Calculate k(11).
-2
Let f(k) = 12*k**2 + 10*k + 9. Determine f(0).
9
Let v(m) = m**3 - 10*m**2 - 9*m - 7. Determine v(11).
15
Let x(g) = -g**2 - 2*g - 1. Determine x(-3).
-4
Let z(u) = -u**3 - 11*u**2 + 18. Calculate z(-11).
18
Let g(u) = -8*u**2 + 4*u - 4. What is g(1)?
-8
Let p(a) = a**3 + 16*a**2 + 14*a - 27. Determine p(-15).
-12
Let q(c) = -c**3 - 5*c**2 - 8*c - 2. Give q(-3).
4
Let j(u) = u**3 + 5*u**2 + u + 1. Determine j(-5).
-4
Let k(l) = -11*l + 59. Give k(8).
-29
Let p(o) = -9*o + 86. Give p(9).
5
Let q(c) = c**2 + 4*c + 16. Determine q(-4).
16
Let n(i) = -i**2 + 16*i - 16. Determine n(15).
-1
Let y(r) = -r**2 + 15*r - 46. What is y(10)?
4
Let q(y) = 5*y - 105. Calculate q(23).
10
Let k(q) = -q**3 - 11*q**2 - 4*q + 8. Determine k(-10).
-52
Let s(h) = -h**2 + 2*h + 3. Give s(6).
-21
Let q(o) = o**3 + 8*o**2 - 25*o + 2. Determine q(-11).
-86
Let a(w) = -3*w + 5. Calculate a(4).
-7
Let b(h) = -8*h - 93. What is b(-13)?
11
Let m(i) = -14*i. Determine m(1).
-14
Let f(g) = 10*g**2 + 2*g - 1. Determine f(1).
11
Let y(b) = -2*b**3 + b**2 + 6. Give y(0).
6
Let d(z) = -z - 29. Determine d(0).
-29
Let k(r) = r**3 + 7*r**2 + 8*r + 10. Determine k(-6).
-2
Let f(x) = -4*x + 72. Give f(21).
-12
Let v(y) = 19*y - 4. What is v(5)?
91
Let c(z) = 14*z**2. Determine c(-1).
14
Let b(c) = -2*c**2 + c - 7. What is b(5)?
-52
Let p(z) = -z**2 - z - 1. Determine p(2).
-7
Let b(t) = -8*t - 5. Give b(-3).
19
Let t(n) = -n**2 + 12*n - 42. Calculate t(7).
-7
Let i(d) = d**2 - 31*d + 23. Calculate i(31).
23
Let f(r) = 5*r + 47. Calculate f(-10).
-3
Let d(y) = y**2 + 8. Give d(0).
8
Let r(a) = -a**2 + 2*a + 205. Give r(15).
10
Let t(n) = -2*n**2 + 2*n. What is t(-2)?
-12
Let t(c) = c**2 - 9*c + 17. Determine t(6).
-1
Let k(l) = -l**3 + 23*l**2 + 52*l - 45. Calculate k(25).
5
Let i(b) = 4*b + 104. Calculate i(-20).
24
Let v(w) = 3*w**2 - w + 1. What is v(-2)?
15
Let t(i) = 2*i**2 - 10*i + 16. Give t(9).
88
Let c(u) = u**3 - 6*u**2 + 3*u + 2. What is c(6)?
20
Let h(p) = -3*p**3 + 5*p**2 - 12. Calculate h(4).
-124
Let r(s) = 271*s + 1079. What is r(-4)?
-5
Let t(f) = 8*f + 4. What is t(5)?
44
Let a(c) = 2*c - 85. What is a(11)?
-63
Let l(c) = -16*c**3 + 3*c**2 - 3*c + 1. What is l(2)?
-121
Let w(u) = -u**3 - u + 1. Calculate w(0).
1
Let h(l) = l**2 - 19*l - 59. Determine h(22).
7
Let z(b) = -23*b + 60. Determine z(3).
-9
Let z(m) = -m**3 + 7*m**2 + 2*m - 10. Calculate z(6).
38
Let b(g) = g**3 + 9*g**2 + 6*g - 14. Give b(-8).
2
Let u(v) = -5*v + 1. Give u(1).
-4
Let u(y) = -16*y + 839. Determine u(52).
7
Let g(m) = 3*m**3 + 4*m**2 + 2*m. Determine g(-2).
-12
Let g(s) = -12*s. Determine g(-1).
12
Let q(j) = j - 1. What is q(-5)?
-6
Let w(c) = c**3 + 10*c**2 + 7*c + 4. Give w(-9).
22
Let n(y) = -3*y**2 + 8*y - 1. Determine n(3).
-4
Let d(v) = v**3 + 7*v**2 + 5*v - 1. Give d(-6).
5
Let s(g) = -4*g**3 + 2*g**2 + g + 1. Give s(-1).
6
Let h(n) = n**3 + 2*n**2 - 2*n + 22. What is h(0)?
22
Let o(t) = -t**3 - 6*t**2 - 3*t + 12. Give o(-6).
30
Let q(f) = -37*f - 2. Determine q(1).
-39
Let w(b) = -2*b**3 - 13*b**2 - 6*b - 6. Determine w(-6).
-6
Let b(w) = -w**3 + 22*w**2 - 41*w + 16. Give b(20).
-4
Let y(c) = c**2 - 13*c + 4. Determine y(13).
4
Let f(z) = -z**2 + 17*z - 12. What is f(15)?
18
Let s(h) = -6*h**2 + 2*h + 4. Determine s(3).
-44
Let a(w) = 3*w**2 - 4*w - 7. Determine a(3).
8
Let v(y) = -2*y**2 - 3*y + 4. Calculate v(-4).
-16
Let k(g) = 3*g - 20. What is k(-2)?
-26
Let v(z) = 109*z**3 - 2*z**2 + 1. Give v(-1).
-110
Let w(s) = -2*s**2 + 9*s + 8. Determine w(6).
-10
Let w(i) = 3*i + 34. Determine w(-14).
-8
Let t(k) = -7*k - 26. Calculate t(-4).
2
Let t(a) = 3*a**3 - 9*a**2 + a - 4. Determine t(3).
-1
Let z(y) = -10*y + 16. Determine z(-5).
66
Let y(h) = 3*h + 47. Give y(6).
65
Let o(m) = -m**2 - 13*m - 46. Determine o(-9).
-10
Let u(x) = 12*x**3 - x**2 + 3*x - 3. Determine u(1).
11
Let f(y) = y**2 + 10*y + 20. Calculate f(-6).
-4
Let c(h) = h**3 - 6*h**2 + 3*h - 5. What is c(5)?
-15
Let y(u) = u**3 + u - 4. Determine y(2).
6
Let v(t) = -8*t - 179. Determine v(-23).
5
Let f(h) = h + 23. Give f(-4).
19
Let i(d) = 2*d**3 + 38*d**2 - 3. Determine i(-19).
-3
Let x(q) = 40*q - 344. What is x(8)?
-24
Let q(b) = 2*b**2 - 23*b + 41. Determine q(9).
-4
Let w(l) = l + 21. What is w(-4)?
17
Let b(m) = 2*m**3 - 11*m**2 - 7*m + 3. Calculate b(6).
-3
Let q(g) = -g**3 + 5*g**2 + g - 2. What is q(5)?
3
Let r(p) = -10*p**2 - 129*p + 14. What is r(-13)?
1
Let y(u) = -17*u - 23. Give y(-5).
62
Let z(q) = -6*q + 7. What is z(3)?
-11
Let m(l) = -5*l - 10. What is m(-4)?
10
Let r(d) = 2*d**3 + 37*d**2 - 14*d + 98. Give r(-19).
3
Let w(n) = 10*n + 47. What is w(-14)?
-93
Let k(b) = b - 6. Calculate k(0).
-6
Let t(c) = -c**3 - 5*c**2 - 7*c + 2. Give t(-3).
5
Let i(t) = -4*t - 29. What is i(-12)?
19
Let t(p) = -p**3 - 8*p**2 + 11. Determine t(-8).
11
Let v(f) = 3*f**2 + 3*f - 2. Calculate v(-5).
58
Let d(i) = 5*i**3 + 3*i**2 - 5*i - 5. Determine d(-3).
-98
Let k(m) = -4*m**3 + 2*m - 2. What is k(1)?
-4
Let g(t) = 6*t + 85. Give g(-14).
1
Let q(v) = 142*v**3 + 3*v**2 + v - 1. Calculate q(-1).
-141
Let d(n) = -17*n**2 - 4*n + 1. What is d(1)?
-20
Let w(c) = 2*c**2 - 6*c + 7. Calculate w(3).
7
Let w(q) = 2*q + 9. Give w(7).
23
Let i(j) = j**3 + 5*j**2 + 3*j - 7. Give i(-4).
-3
Let l(k) = k**3 + 4*k**2 + 8*k + 2. Determine l(-2).
-6
Let y(n) = -5*n - 9. Give y(8).
-49
Let u(h) = -h**3 + 6*h**2 + 10*h - 15. Give u(7).
6
Let z(q) = -q**3 - 27*q**2 - 27*q - 12. Determine z(-26).
14
Let m(s) = -s**2 - s + 7. Calculate m(2).
1
Let a(z) = z**3 - 3*z**2 + 6*z + 1. Calculate a(2).
9
Let d(k) = -3*k**3 - 3*k**2 + 4*k + 9. What is d(-2)?
13
Let c(x) = -20*x**2 + 1. Determine c(-1).
-19
Let h(s) = 2*s**2 + 13*s + 11. What is h(-7)?
18
Let b(i) = -i**3 - 6*i**2 - 5. What is b(-6)?
-5
Let b(z) = 17*z - 31. Determine b(-9).
-184
Let t(u) = -u**3 - 33*u**2 - 90*u. Determine t(-30).
0
Let h(n) = -9*n + 4. Determine h(6).